{"id":721,"date":"2020-12-10T18:29:50","date_gmt":"2020-12-10T18:29:50","guid":{"rendered":"https:\/\/expert-themes.com\/newwp\/sawmall\/?page_id=721"},"modified":"2025-11-16T16:57:59","modified_gmt":"2025-11-16T13:57:59","slug":"contact-us","status":"publish","type":"page","link":"https:\/\/www.borudanismanlik.com.tr\/index.php\/contact-us","title":{"rendered":"Bize Ula\u015f\u0131n"},"content":{"rendered":"\t\t<div data-elementor-type=\"wp-page\" data-elementor-id=\"721\" class=\"elementor elementor-721\">\n\t\t\t\t\t\t<section class=\"elementor-section elementor-top-section elementor-element elementor-element-3915caa elementor-section-boxed elementor-section-height-default elementor-section-height-default\" data-id=\"3915caa\" data-element_type=\"section\">\n\t\t\t\t\t\t<div class=\"elementor-container elementor-column-gap-default\">\n\t\t\t\t\t<div class=\"elementor-column elementor-col-100 elementor-top-column elementor-element elementor-element-5a3768d\" data-id=\"5a3768d\" data-element_type=\"column\">\n\t\t\t<div class=\"elementor-widget-wrap elementor-element-populated\">\n\t\t\t\t\t\t<div class=\"elementor-element elementor-element-8076fbc elementor-widget elementor-widget-sawmall_Contact_us\" data-id=\"8076fbc\" data-element_type=\"widget\" data-widget_type=\"sawmall_Contact_us.default\">\n\t\t\t\t<div class=\"elementor-widget-container\">\n\t\t\t\t\t\r\n        <!-- Contact Page Section -->\r\n        <section class=\"contact-page-section\">\r\n            <div class=\"auto-container\">\r\n                <div class=\"row clearfix\">\r\n                    \r\n                    <!-- Column -->\r\n                    <div class=\"form-column col-lg-8 col-md-12 col-sm-12\">\r\n                        <div class=\"inner-column\">\r\n                            <!-- Sec Title -->\r\n                                                        <div class=\"sec-title\">\r\n                                <h2>\u0130leti\u015fim Formu<\/h2>\r\n                                <div class=\"separate\"><\/div>\r\n                            <\/div>\r\n                                                        <!-- Contact Form -->\r\n                            <div class=\"contact-form\">\r\n                                 \n<div class=\"wpcf7 no-js\" id=\"wpcf7-f737-o1\" lang=\"en-US\" dir=\"ltr\">\n<div class=\"screen-reader-response\"><p role=\"status\" aria-live=\"polite\" aria-atomic=\"true\"><\/p> <ul><\/ul><\/div>\n<form action=\"\/index.php\/wp-json\/wp\/v2\/pages\/721#wpcf7-f737-o1\" method=\"post\" class=\"wpcf7-form init\" aria-label=\"Contact form\" novalidate=\"novalidate\" data-status=\"init\">\n<div style=\"display: none;\">\n<input type=\"hidden\" name=\"_wpcf7\" value=\"737\" \/>\n<input type=\"hidden\" name=\"_wpcf7_version\" value=\"5.8.7\" \/>\n<input type=\"hidden\" name=\"_wpcf7_locale\" value=\"en_US\" \/>\n<input type=\"hidden\" name=\"_wpcf7_unit_tag\" value=\"wpcf7-f737-o1\" \/>\n<input type=\"hidden\" name=\"_wpcf7_container_post\" value=\"0\" \/>\n<input type=\"hidden\" name=\"_wpcf7_posted_data_hash\" value=\"\" \/>\n<\/div>\n<div class=\"row clearfix\">\n\t<div class=\"col-lg-12 col-md-12 col-sm-12 form-group\">\n\t\t<p><span class=\"wpcf7-form-control-wrap\" data-name=\"text-609\"><input size=\"40\" class=\"wpcf7-form-control wpcf7-text wpcf7-validates-as-required\" aria-required=\"true\" aria-invalid=\"false\" placeholder=\"Name\" value=\"\" type=\"text\" name=\"text-609\" \/><\/span>\n\t\t<\/p>\n\t<\/div>\n\t<div class=\"col-lg-6 col-md-6 col-sm-12 form-group\">\n\t\t<p><span class=\"wpcf7-form-control-wrap\" data-name=\"email-23\"><input size=\"40\" class=\"wpcf7-form-control wpcf7-email wpcf7-validates-as-required wpcf7-text wpcf7-validates-as-email\" aria-required=\"true\" aria-invalid=\"false\" placeholder=\"Email\" value=\"\" type=\"email\" name=\"email-23\" \/><\/span>\n\t\t<\/p>\n\t<\/div>\n\t<div class=\"col-lg-6 col-md-6 col-sm-12 form-group\">\n\t\t<p><span class=\"wpcf7-form-control-wrap\" data-name=\"text-610\"><input size=\"40\" class=\"wpcf7-form-control wpcf7-text\" aria-invalid=\"false\" placeholder=\"Subject\" value=\"\" type=\"text\" name=\"text-610\" \/><\/span>\n\t\t<\/p>\n\t<\/div>\n\t<div class=\"col-lg-12 col-md-12 col-sm-12 form-group\">\n\t\t<p><span class=\"wpcf7-form-control-wrap\" data-name=\"textarea-165\"><textarea cols=\"40\" rows=\"10\" class=\"wpcf7-form-control wpcf7-textarea\" aria-invalid=\"false\" placeholder=\"Comment...\" name=\"textarea-165\"><\/textarea><\/span>\n\t\t<\/p>\n\t<\/div>\n\t<div class=\"col-lg-12 col-md-12 col-sm-12 form-group\">\n\t\t<p><button class=\"theme-btn submit-btn\" type=\"submit\" name=\"submit-form\">Send now<\/button>\n\t\t<\/p>\n\t<\/div>\n<\/div><div class=\"wpcf7-response-output\" aria-hidden=\"true\"><\/div>\n<\/form>\n<\/div>\n   \r\n                            <\/div>\r\n                            <!-- End Contact Form -->\r\n                            \r\n                        <\/div>\r\n                    <\/div>\r\n                    \r\n                    <!-- Column -->\r\n                    <div class=\"info-column col-lg-4 col-md-12 col-sm-12\">\r\n                        <div class=\"inner-column\">\r\n                            <!-- Sec Title -->\r\n                                                        <div class=\"sec-title\">\r\n                                <h2>\u0130leti\u015fim Bilgilerimiz<\/h2>\r\n                                <div class=\"separate\"><\/div>\r\n                            <\/div>\r\n                                                        <div class=\"text\">A\u015fa\u011f\u0131daki bilgilerden bize ula\u015fabilir, veya ileti\u015fim formu doldurabilirsiniz.\n<\/div>\r\n                            \r\n                            <ul class=\"contact-info\">\r\n                                                                <li>\r\n                                    <span class=\"icon icon flaticon-placeholder-2\"><\/span> \r\n                                    <strong>Merkez Ofis<\/strong>\r\n                                    Sultan Orhan, Hask\u00f6y Sanayi Sitesi, 41400 Gebze\/Kocaeli                                <\/li>\r\n    \t\t\t\t\t\t\t                                <li>\r\n                                    <span class=\"icon icon flaticon-call\"><\/span> \r\n                                    <strong>0 (850) 308 05 43<\/strong>\r\n                                    <a href=\"https:\/\/www.kariyerdanismanlik.com\/\" target=\"_blank\" rel=\"noopener\">www.borudanismanlik.com.tr<\/a>                                <\/li>\r\n    \t\t\t\t\t\t\t                                <li>\r\n                                    <span class=\"icon icon flaticon-call\"><\/span> \r\n                                    <strong>0 (539) 641 20 85<\/strong>\r\n                                    <a href=\"mailto:info@borudanismanlik.com.tr\">info@borudanismanlik.com.tr<\/a>                                <\/li>\r\n    \t\t\t\t\t\t\t                                <li>\r\n                                    <span class=\"icon icon flaticon-24-hours-2\"><\/span> \r\n                                    <strong>\u00c7al\u0131\u015fma Saatlerimiz<\/strong>\r\n                                    Pazartesi - Cumartesi: 08:30 | 18:30                                <\/li>\r\n    \t\t\t\t\t\t\t                            <\/ul>\r\n                            \r\n                        <\/div>\r\n                    <\/div>\r\n                    \r\n                <\/div>\r\n            <\/div>\r\n        <\/section>\r\n        <!-- End Contact Page Section -->\r\n        \r\n        \t\t<\/div>\n\t\t\t\t<\/div>\n\t\t\t\t\t<\/div>\n\t\t<\/div>\n\t\t\t\t\t<\/div>\n\t\t<\/section>\n\t\t\t\t<section class=\"elementor-section elementor-top-section elementor-element elementor-element-57281fe elementor-section-full_width elementor-section-height-default elementor-section-height-default\" data-id=\"57281fe\" data-element_type=\"section\">\n\t\t\t\t\t\t<div class=\"elementor-container elementor-column-gap-default\">\n\t\t\t\t\t<div class=\"elementor-column elementor-col-100 elementor-top-column elementor-element elementor-element-93ec42e\" data-id=\"93ec42e\" data-element_type=\"column\">\n\t\t\t<div class=\"elementor-widget-wrap elementor-element-populated\">\n\t\t\t\t\t\t<div class=\"elementor-element elementor-element-e9e1c65 elementor-widget elementor-widget-sawmall_google_map\" data-id=\"e9e1c65\" data-element_type=\"widget\" data-widget_type=\"sawmall_google_map.default\">\n\t\t\t\t<div class=\"elementor-widget-container\">\n\t\t\t\t\t\r\n        <!-- Contact Map Section -->\r\n        <section class=\"contact-map-section\">\r\n            <div class=\"auto-container\">\r\n                <div class=\"map-outer\">\r\n                    <div class=\"map-canvas\">\r\n                        <iframe src=\"https:\/\/www.google.com\/maps\/embed?pb=!1m18!1m12!1m3!1d647.0025198884863!2d29.466383879940658!3d40.80532619380137!2m3!1f0!2f0!3f0!3m2!1i1024!2i768!4f13.1!3m3!1m2!1s0x14cb2196dda84369%3A0x868db4c183aa3e0e!2sKRN%20M%C3%BChendislik!5e1!3m2!1str!2str!4v1763301217796!5m2!1str!2str\" width=\"600\" height=\"450\" style=\"border:0;\" allowfullscreen=\"\" loading=\"lazy\" referrerpolicy=\"no-referrer-when-downgrade\"><\/iframe>                    <\/div>\r\n                <\/div>\r\n            <\/div>\r\n        <\/section>\r\n        <!-- End Map Section -->\r\n        \r\n        \t\t<\/div>\n\t\t\t\t<\/div>\n\t\t\t\t\t<\/div>\n\t\t<\/div>\n\t\t\t\t\t<\/div>\n\t\t<\/section>\n\t\t\t\t<\/div>\n\t\t","protected":false},"excerpt":{"rendered":"<p>\u0130leti\u015fim Formu Send now \u0130leti\u015fim Bilgilerimiz A\u015fa\u011f\u0131daki bilgilerden bize ula\u015fabilir, veya ileti\u015fim formu doldurabilirsiniz. Merkez Ofis Sultan Orhan, Hask\u00f6y Sanayi Sitesi, 41400 Gebze\/Kocaeli 0 (850) 308 05 43 www.borudanismanlik.com.tr 0 (539) 641 20 85 info@borudanismanlik.com.tr \u00c7al\u0131\u015fma Saatlerimiz Pazartesi &#8211; Cumartesi: 08:30 | 18:30<\/p>\n","protected":false},"author":1,"featured_media":0,"parent":0,"menu_order":0,"comment_status":"closed","ping_status":"closed","template":"tpl-default-elementor.php","meta":{"footnotes":""},"class_list":["post-721","page","type-page","status-publish","hentry"],"_links":{"self":[{"href":"https:\/\/www.borudanismanlik.com.tr\/index.php\/wp-json\/wp\/v2\/pages\/721","targetHints":{"allow":["GET"]}}],"collection":[{"href":"https:\/\/www.borudanismanlik.com.tr\/index.php\/wp-json\/wp\/v2\/pages"}],"about":[{"href":"https:\/\/www.borudanismanlik.com.tr\/index.php\/wp-json\/wp\/v2\/types\/page"}],"author":[{"embeddable":true,"href":"https:\/\/www.borudanismanlik.com.tr\/index.php\/wp-json\/wp\/v2\/users\/1"}],"replies":[{"embeddable":true,"href":"https:\/\/www.borudanismanlik.com.tr\/index.php\/wp-json\/wp\/v2\/comments?post=721"}],"version-history":[{"count":33,"href":"https:\/\/www.borudanismanlik.com.tr\/index.php\/wp-json\/wp\/v2\/pages\/721\/revisions"}],"predecessor-version":[{"id":13977,"href":"https:\/\/www.borudanismanlik.com.tr\/index.php\/wp-json\/wp\/v2\/pages\/721\/revisions\/13977"}],"wp:attachment":[{"href":"https:\/\/www.borudanismanlik.com.tr\/index.php\/wp-json\/wp\/v2\/media?parent=721"}],"curies":[{"name":"wp","href":"https:\/\/api.w.org\/{rel}","templated":true}]}}